r + 5*l, -3*r - l + 38 = l. What is the tens digit of r?
1
Let w be (-1 + 0)*9 + -2. Let c be (66/10)/(152/40 - 4). Let i = w - c. What is the tens digit of i?
2
Let n = 169 - 102. Suppose n = 2*p + 3. What is the tens digit of p?
3
Suppose 0*y = 4*y + 28. Let b be ((-5)/2)/(y/14). Suppose 4*p - 4*m - 120 = 0, -m = -2*p - b*m + 66. What is the units digit of p?
1
What is the tens digit of (-5787)/(-3)*(-14)/(-42)?
4
Suppose -126*l + 2335 = -121*l. What is the hundreds digit of l?
4
What is the hundreds digit of (-40)/(10 + -15) - -1336?
3
Suppose 1069 = 3*l - q - 870, 642 = l + 4*q. What is the hundreds digit of l?
6
Let g(z) be the first derivative of 27*z**4/4 - z**3/3 + z**2/2 - z - 22. What is the tens digit of g(1)?
2
Let c = -2 + 174. What is the hundreds digit of c?
1
Suppose 15*r - 364 = r. What is the units digit of r?
6
Let w = 7 - -1. Let z(m) = 16*m - 35. Let g be z(6). Suppose 3*c - g = w. What is the units digit of c?
3
Let h(a) = -17*a**2 + 2*a. Let r be h(2). Let b = 102 + r. What is the units digit of b?
8
Let a = 5187 - 2135. What is the thousands digit of a?
3
Suppose 2*d - 88 = 2*o, 5*o + d = 5*d - 221. Let l be ((-6)/(-2) - 0) + o. Let p = 69 + l. What is the units digit of p?
7
Let m = 1 - -2. Let d(h) = h - 2. Let i(z) = -2*z + 2. Let p(f) = -3*d(f) - 2*i(f). What is the units digit of p(m)?
5
Let t = 380 - -157. What is the tens digit of t?
3
Let m(v) = 2*v**2 - v - 1. Let x(g) = -2*g + 3. Let r be x(2). Let o be m(r). What is the units digit of -2 + 7 - (o - 1)?
4
Let x be 0 - -6*(-3)/(-6). Let r(q) = q**3 - 3*q + 5. What is the tens digit of r(x)?
2
Let l = 232 + 222. What is the tens digit of l?
5
Suppose 9 = 4*m - 5*b, -m + 0 = -3*b + 3. Suppose 2*n = -m*n + 120. What is the units digit of n?
5
Let i be (-2396)/24 + (-3)/18. Let u be ((-12)/(-12))/((-2)/i). Let y = -14 + u. What is the units digit of y?
6
Let l = -13 - -6. Let m(s) = s**3 + 8*s**2 + 7*s - 6. Let x be m(l). Let q = 63 + x. What is the units digit of q?
7
Let j = 81 - 31. What is the units digit of j?
0
Let r = 701 - 339. What is the tens digit of r?
6
Suppose -j = -147 + 22. Let q = j - 61. What is the tens digit of q?
6
Let f(h) = -3*h - 15. Let o be f(-9). What is the units digit of -96*((-9)/(-27))/((-2)/o)?
2
Suppose 22*f = 21*f + 720. What is the units digit of f?
0
Let d = -507 + 716. Let q = -122 + d. What is the tens digit of q?
8
Suppose 1524 = -20*y + 26*y. What is the units digit of y?
4
Let u(p) = -31*p**2 - 23*p. Let a(y) = 15*y**2 + 11*y. Let w(j) = 5*a(j) + 2*u(j). What is the tens digit of w(-4)?
7
Let y = 3151 - 1629. What is the tens digit of y?
2
Suppose 0 = -11*z + 25 + 19. Suppose z*b + 157 = -u + 938, -3*u = -5*b + 972. What is the units digit of b?
5
Let p = -12 - 32. What is the units digit of (-269)/(-4) - (-11)/p?
7
Let k = 6465 + -1277. What is the tens digit of k?
8
Let v(u) = u - 21. Let p be v(23). Suppose 2*w = -f, -4*f = -4*w - p + 26. What is the units digit of w?
2
Suppose 19*h + 48993 = 40*h. What is the units digit of h?
3
Let k = -71 + 75. Let l(j) = 24*j - 25. What is the tens digit of l(k)?
7
Suppose 0 = -4*v - 67 + 3. Let w(d) = -d**2 - 13. Let k be w(0). Let q = k - v. What is the units digit of q?
3
Let d(j) = -j**3 - j. Let i(u) = 5*u**3 + 10*u**2 + 14*u - 8. Let v(b) = 4*d(b) + i(b). Let p be 1/((-1)/9) + 1. What is the tens digit of v(p)?
4
Let z = 13 + -10. Suppose -z*s + 4*x + 454 - 72 = 0, -5*s + 4*x = -650. Suppose 0 = -2*c - 1 + 3, 2*c = -4*q + s. What is the units digit of q?
3
What is the tens digit of 3777/7 - (14 - 940/70)?
3
Let q be -4 + 8 + -7 + 3. Suppose 19 = t + 3*x, -2*x - 18 = -2*t + 2*x. Let k = q + t. What is the units digit of k?
3
Let t(r) = -42*r - 6. What is the hundreds digit of t(-11)?
4
Let w be (3/(-4))/(1/(-4)). Suppose -3*h - i = 18, 5*h + 31 = w*i - 5*i. Let r(m) = m**2 + 3*m + 11. What is the units digit of r(h)?
1
Suppose 2*b - 43 = -3*a + 185, 5*a - 2*b = 364. What is the units digit of a?
4
Suppose g = -3*c + 4*c + 90, 2*g = -3*c + 155. What is the units digit of g?
5
Suppose o + 21*u - 26*u = 1411, 5*o - 6925 = -u. What is the units digit of o?
6
Let o = 2455 + -1527. What is the units digit of o?
8
Suppose 5*g + 10 = -20. Let y = g + 2. Let a = y - -9. What is the units digit of a?
5
Suppose -21*l - 3*h - 1107 = -22*l, 0 = 5*l - 3*h - 5595. What is the thousands digit of l?
1
Suppose -f = -4*b + 2928, -3*b + 4*f + 3649 = 2*b. Suppose 4*a - 4*q + q - 983 = 0, 2*q - b = -3*a. What is the units digit of a?
5
Suppose -8*z = -3*z. Suppose z = -v + 1. What is the units digit of (v + -2 - -33) + 1?
3
Let h(d) = 68*d**2 + 15*d + 43. What is the units digit of h(-4)?
1
Let g(u) be the second derivative of 7*u**4/12 + u**3 - 11*u**2 - 29*u. What is the tens digit of g(3)?
5
Let b(f) = f**2 + 7*f + 8. Let t be b(-8). Let h = 38 + t. What is the tens digit of h?
5
Let c(q) be the third derivative of -q**5/60 - 7*q**4/12 - 2*q**3/3 - 22*q**2. Suppose 4*o = 2*p + 18, 3*o - 9 = p + 1. What is the units digit of c(p)?
5
Let y = 18 - 13. Suppose y*f - 4*d = 160, -2*d + 34 + 40 = 3*f. What is the tens digit of f?
2
Suppose -106 = 16*q - 18*q + 3*x, 4*q - 220 = 4*x. What is the tens digit of q?
5
Let s(x) = 37*x - 171. What is the tens digit of s(6)?
5
Let o(z) = -z**3 + 20*z**2 + 4*z - 41. Let s be o(19). What is the tens digit of (-49)/14*(s/21)/(-3)?
2
Let f(v) = 63*v + 46. What is the units digit of f(9)?
3
Let u = 66 - 97. Let s = u - -50. What is the units digit of s?
9
Let t(y) = -y - 8. Suppose -52 + 25 = 3*v. What is the units digit of t(v)?
1
Let i(v) = -3*v + 39. Let m(u) = 2*u + 1. Let q(r) = i(r) + 2*m(r). What is the tens digit of q(13)?
5
Suppose 4*c = -4*h + 184, -3*c = -0*c + 4*h - 139. Suppose 0 = -0*v - 2*v - 10, -x + 4*v + c = 0. What is the units digit of x?
5
Suppose 5865 = 19*s - 10418. What is the units digit of s?
7
Suppose -21*a - 5744 = -29*a. What is the tens digit of a?
1
Suppose -53 - 47 = -5*c. Let v = c + -6. Suppose -5 = 3*b - v. What is the units digit of b?
3
Let p(j) = 6*j + 1. Let l be p(9). Suppose -2*f + l = 3*f. Suppose y - 30 = f. What is the tens digit of y?
4
Let p be (620/(-60))/(-1*(-2)/6). Let q = -14 - p. What is the units digit of q?
7
Let l(c) = -2*c + 3*c + c**2 - 3 + 2*c + 4. Let h be l(-2). What is the units digit of (-3 - h)/(2/(-4))?
4
Suppose 6*s + 139 = -47. Let i = 40 - s. What is the tens digit of i?
7
Suppose -y - j + 2 = 7, 3*y = j + 5. Let n be y - (2 - (1 - -2)). What is the units digit of (4/n)/(6/93)?
2
Suppose 3*g - 2*y = 2*y - 13, y - 12 = 2*g. Let z(m) = 2*m**2 + 6*m - 11. What is the units digit of z(g)?
5
Let p = 6 - -3. Let u(o) = -o**3 + 10*o**2 - 7*o - 9. Let j be u(p). Let f = j + 15. What is the units digit of f?
4
Let v be 615/5*3/(-9). Let a = v + 81. What is the tens digit of a?
4
Let c(k) = 109*k**2 - 7*k - 6. What is the tens digit of c(-2)?
4
Suppose 3*h + 10 = 8*h. Suppose 3*c = -h*c + 10. Suppose 0*o = c*o - 40. What is the units digit of o?
0
Let t be 24/(-18) + (-30)/(-9). What is the tens digit of t + (-180)/(-2)*1?
9
Let x(f) be the third derivative of f**5/60 + 5*f**4/24 + 2*f**3/3 - 5*f**2. Let l be x(-3). What is the units digit of 22*((-2)/2)/l?
1
Let o = -28 - -32. Suppose o*g = w + w + 134, 5*w = -2*g + 49. What is the units digit of g?
2
Let g(v) = -v**3 - v**2 - v + 1. Let q(t) = -16*t**2 + 27*t + 6 - 17*t + 5*t**3 + 0. Let f(j) = -3*g(j) - q(j). What is the units digit of f(9)?
9
Suppose -3*d = -10*d - 1995. What is the units digit of d/(-6)*(-4 + 6)?
5
Suppose 5*f - 875 = 5*a, 2*f + 17 - 360 = -5*a. Let j = -107 + f. What is the units digit of j?
7
Suppose -3*m - 679 = -31*x + 29*x, 0 = -5*x + m + 1678. What is the hundreds digit of x?
3
Let u = -4 + 4. Suppose -4*r = -5*h + 18, 2*h - 3*r + 0 - 10 = 0. Suppose u*z = -h*z + 8. What is the units digit of z?
4
Let n be (-4)/(-3)*264/16. Suppose 5*p = n - 2. Suppose -i + y = -p*i + 65, 3*i = 2*y + 59. What is the tens digit of i?
2
Let r(p) = -p**3 - 7*p**2 - p - 4. Let m be r(-7). Let i(n) = 6*n - 1. Let b be i(m). Suppose -u + 0*u = -b. What is the units digit of u?
7
Let g = 12 - -65. Let n be g + 2*3/6. Let r = -42 + n. What is the units digit of r?
6
Let b be -1*(3/(-3) - -9). Let x(c) = c**2 + 8*c + 9. Let f(n) = n. Let v(l) = f(l) + x(l)